{"id":364,"date":"2020-12-01T10:34:27","date_gmt":"2020-12-01T10:34:27","guid":{"rendered":"https:\/\/ilviaggiodivittorio.it\/?page_id=364"},"modified":"2020-12-01T17:11:37","modified_gmt":"2020-12-01T17:11:37","slug":"vittorio-fusari-2","status":"publish","type":"page","link":"https:\/\/ilviaggiodivittorio.it\/?page_id=364","title":{"rendered":"Vittorio Fusari"},"content":{"rendered":"\n<div class=\"wp-block-cover has-background-dim has-parallax\" style=\"background-image:url(https:\/\/ilviaggiodivittorio.it\/wp-content\/uploads\/2020\/11\/Vittorio-Primo-piano.jpeg)\"><div class=\"wp-block-cover__inner-container is-layout-flow wp-block-cover-is-layout-flow\">\n<p><\/p>\n\n\n\n<p><\/p>\n\n\n\n<p><\/p>\n\n\n\n<p><\/p>\n\n\n\n<p><\/p>\n\n\n\n<p><\/p>\n\n\n\n<p><\/p>\n\n\n\n<p class=\"has-text-align-center has-dark-yellow-color has-text-color has-large-font-size\">Vittorio Fusari<\/p>\n<\/div><\/div>\n\n\n\n<p id=\"block-cf9b303d-71de-497b-b21d-142928ebe123\"><\/p>\n\n\n\n<div id=\"block-6e1a4644-d6cf-43bc-9ab4-c6d1148feb2c\" class=\"wp-block-image\"><figure class=\"alignleft is-resized\"><img loading=\"lazy\" decoding=\"async\" src=\"https:\/\/ilviaggiodivittorio.it\/wp-content\/uploads\/2020\/11\/Icona-VF.png\" alt=\"This image has an empty alt attribute; its file name is Icona-VF.png\" width=\"227\" height=\"227\"\/><\/figure><\/div>\n\n\n\n<p id=\"block-783296e0-ea22-405d-8e1a-d86b1a7b86dc\">Vittorio Fusari \u00e8 stato un cuoco che ha cercato di cambiare il mondo attraverso il cibo.<br>Ha dedicato la sua attivit\u00e0 al sostegno delle piccole produzioni alimentari, alla valorizzazione del proprio territorio e ad una ricerca gastronomica che recuperasse ed attualizzasse antichi mestieri e tecniche di lavorazione.<br>Il marchio registrato indica che il prodotto su cui \u00e8 applicato rispetta i principi di sostenibilit\u00e0 ambientale, sociale e paesaggistica. Una garanzia che indica che \u00e8 stato prodotto con metodi rispettosi dei principi tradizionali di trasformazione, nutrizionali e di salubrit\u00e0.<br>Ogni prodotto \u00e8 accompagnato da un\u2019etichetta specifica che racconta nei dettagli i metodi di produzione usati.<\/p>\n\n\n\n<p id=\"block-bd7d7815-1027-4989-80c7-1f6d05b30c04\"><a href=\"http:\/\/www.vittoriofusari.it\/\">La storia, la filosofia ed i sogni di Vittorio<\/a>&nbsp;restano vivi, nelle Sue ricette e nel cuore di chi l\u2019ha amato, ammirato e seguito.<\/p>\n\n\n\n<p class=\"has-dark-yellow-color has-text-color has-large-font-size\" id=\"block-d6d4f0ad-a52a-4c48-be31-741c3ae365e5\"><strong>Visione Futura<\/strong><\/p>\n\n\n\n<p id=\"block-913b779f-5761-4582-9e6a-9cef73e4807d\">Visione Futura \u00e8 il progetto messo in campo dalla moglie di Vittorio, Patrizia, di un\u2019azienda agricola multifunzionale che produca integralmente le materie prime necessarie a dare continuit\u00e0 ad alcune ricette storiche di Vittorio e le trasformi a circuito chiuso. Inizialmente coltiver\u00e0 grani a miscuglio per Il Panettone Donizetti ed allever\u00e0 maiali per i Salumi Naturali e Tradizionali entrando nell\u2019omonima Comunit\u00e0 del Cibo di SlowFood OFLI. Ma si occuper\u00e0 concretamente di realizzare progetti sostenibili ed innovativi attraverso la riscoperta del ruolo rigenerativo e di tutela delle pratiche agronomiche tradizionali. L\u2019obiettivo \u00e8 quello di mantenere vivo il ruolo di stimolo che Vittorio ha avuto per la Franciacorta, di far continuare a vivere idee, ricette e valori catalizzando e stimolando discorsi ed esperienze che gi\u00e0 si muovono sul territorio. Si pone l\u2019obiettivo di realizzare un esempio di economia basata sulla solidariet\u00e0, sull\u2019impegno sociale, sulla valorizzazione delle persone e delle loro conoscenze, sulla tutela dell\u2019ambiente e della nostra salute valorizzando il Buono ed il Bello.<br>Visione Futura \u00e8 una dichiarazione d\u2019amore e di stima per un uomo che ha saputo seminare, che non ha mai smesso di scambiare e di donare sapienza e conoscenze<\/p>\n\n\n\n<blockquote class=\"wp-block-quote is-style-large is-layout-flow wp-block-quote-is-layout-flow\"><p>Conoscere le ragioni del cuore che la ragione non conosce<\/p><cite><strong>Blaise Pascal<\/strong><\/cite><\/blockquote>\n\n\n\n<div style=\"height:65px\" aria-hidden=\"true\" class=\"wp-block-spacer\"><\/div>\n\n\n\n<div class=\"wp-block-columns is-layout-flex wp-container-core-columns-is-layout-9d6595d7 wp-block-columns-is-layout-flex\">\n<div class=\"wp-block-column is-layout-flow wp-block-column-is-layout-flow\"><\/div>\n\n\n\n<div class=\"wp-block-column is-layout-flow wp-block-column-is-layout-flow\"><\/div>\n\n\n\n<div class=\"wp-block-column is-layout-flow wp-block-column-is-layout-flow\">\n<div class=\"wp-block-caxton-super-button\"><div class=\"\" style=\"\"><a class=\"caxton-btn no-underline dib \" href=\"https:\/\/ilviaggiodivittorio.it\/?page_id=5\" data-hover-css=\"color:#555;\" style=\"letter-spacing:2px;font-weight:400;color:#555;background-color:#ffa751;border:2px  solid ;padding:0.5em 1em;;\" data-mobile-css=\"\" data-tablet-css=\"\" data-desktop-css=\"\"><span>IL PANETTONE DONIZETTI<\/span><\/a><\/div><\/div>\n<\/div>\n<\/div>\n","protected":false},"excerpt":{"rendered":"<p>Vittorio Fusari \u00e8 stato un cuoco che ha cercato di cambiare il mondo attraverso il cibo.Ha dedicato la sua attivit\u00e0 al sostegno delle piccole produzioni alimentari, alla valorizzazione del proprio<\/p>\n<p class=\"more-link\"><a href=\"https:\/\/ilviaggiodivittorio.it\/?page_id=364\" class=\"readmore\">Continue reading<svg class=\"icon icon-arrow-right\" aria-hidden=\"true\" role=\"img\"> <use href=\"#icon-arrow-right\" xlink:href=\"#icon-arrow-right\"><\/use> <\/svg><span class=\"screen-reader-text\">Vittorio Fusari<\/span><\/a><\/p>\n","protected":false},"author":1,"featured_media":0,"parent":0,"menu_order":0,"comment_status":"closed","ping_status":"closed","template":"","meta":{"_uag_custom_page_level_css":"","footnotes":""},"class_list":["post-364","page","type-page","status-publish","hentry"],"yoast_head":"<!-- This site is optimized with the Yoast SEO plugin v27.4 - https:\/\/yoast.com\/product\/yoast-seo-wordpress\/ -->\n<title>Vittorio Fusari -<\/title>\n<meta name=\"robots\" content=\"index, follow, max-snippet:-1, max-image-preview:large, max-video-preview:-1\" \/>\n<link rel=\"canonical\" href=\"https:\/\/ilviaggiodivittorio.it\/?page_id=364\" \/>\n<meta property=\"og:locale\" content=\"en_US\" \/>\n<meta property=\"og:type\" content=\"article\" \/>\n<meta property=\"og:title\" content=\"Vittorio Fusari -\" \/>\n<meta property=\"og:description\" content=\"Vittorio Fusari \u00e8 stato un cuoco che ha cercato di cambiare il mondo attraverso il cibo.Ha dedicato la sua attivit\u00e0 al sostegno delle piccole produzioni alimentari, alla valorizzazione del proprioContinue reading Vittorio Fusari\" \/>\n<meta property=\"og:url\" content=\"https:\/\/ilviaggiodivittorio.it\/?page_id=364\" \/>\n<meta property=\"article:publisher\" content=\"https:\/\/www.facebook.com\/Visione-Futura-101418805139195\" \/>\n<meta property=\"article:modified_time\" content=\"2020-12-01T17:11:37+00:00\" \/>\n<meta property=\"og:image\" content=\"https:\/\/ilviaggiodivittorio.it\/wp-content\/uploads\/2020\/11\/Icona-VF.png\" \/>\n<meta name=\"twitter:card\" content=\"summary_large_image\" \/>\n<meta name=\"twitter:label1\" content=\"Est. reading time\" \/>\n\t<meta name=\"twitter:data1\" content=\"2 minutes\" \/>\n<script type=\"application\/ld+json\" class=\"yoast-schema-graph\">{\"@context\":\"https:\\\/\\\/schema.org\",\"@graph\":[{\"@type\":\"WebPage\",\"@id\":\"https:\\\/\\\/ilviaggiodivittorio.it\\\/?page_id=364\",\"url\":\"https:\\\/\\\/ilviaggiodivittorio.it\\\/?page_id=364\",\"name\":\"Vittorio Fusari -\",\"isPartOf\":{\"@id\":\"https:\\\/\\\/ilviaggiodivittorio.it\\\/#website\"},\"primaryImageOfPage\":{\"@id\":\"https:\\\/\\\/ilviaggiodivittorio.it\\\/?page_id=364#primaryimage\"},\"image\":{\"@id\":\"https:\\\/\\\/ilviaggiodivittorio.it\\\/?page_id=364#primaryimage\"},\"thumbnailUrl\":\"https:\\\/\\\/ilviaggiodivittorio.it\\\/wp-content\\\/uploads\\\/2020\\\/11\\\/Icona-VF.png\",\"datePublished\":\"2020-12-01T10:34:27+00:00\",\"dateModified\":\"2020-12-01T17:11:37+00:00\",\"breadcrumb\":{\"@id\":\"https:\\\/\\\/ilviaggiodivittorio.it\\\/?page_id=364#breadcrumb\"},\"inLanguage\":\"en-US\",\"potentialAction\":[{\"@type\":\"ReadAction\",\"target\":[\"https:\\\/\\\/ilviaggiodivittorio.it\\\/?page_id=364\"]}]},{\"@type\":\"ImageObject\",\"inLanguage\":\"en-US\",\"@id\":\"https:\\\/\\\/ilviaggiodivittorio.it\\\/?page_id=364#primaryimage\",\"url\":\"https:\\\/\\\/ilviaggiodivittorio.it\\\/wp-content\\\/uploads\\\/2020\\\/11\\\/Icona-VF.png\",\"contentUrl\":\"https:\\\/\\\/ilviaggiodivittorio.it\\\/wp-content\\\/uploads\\\/2020\\\/11\\\/Icona-VF.png\",\"width\":512,\"height\":512},{\"@type\":\"BreadcrumbList\",\"@id\":\"https:\\\/\\\/ilviaggiodivittorio.it\\\/?page_id=364#breadcrumb\",\"itemListElement\":[{\"@type\":\"ListItem\",\"position\":1,\"name\":\"Home\",\"item\":\"https:\\\/\\\/ilviaggiodivittorio.it\\\/\"},{\"@type\":\"ListItem\",\"position\":2,\"name\":\"Vittorio Fusari\"}]},{\"@type\":\"WebSite\",\"@id\":\"https:\\\/\\\/ilviaggiodivittorio.it\\\/#website\",\"url\":\"https:\\\/\\\/ilviaggiodivittorio.it\\\/\",\"name\":\"Viaggio Fantastico - Visione Futura\",\"description\":\"di Vittorio Fusari\",\"publisher\":{\"@id\":\"https:\\\/\\\/ilviaggiodivittorio.it\\\/#organization\"},\"potentialAction\":[{\"@type\":\"SearchAction\",\"target\":{\"@type\":\"EntryPoint\",\"urlTemplate\":\"https:\\\/\\\/ilviaggiodivittorio.it\\\/?s={search_term_string}\"},\"query-input\":{\"@type\":\"PropertyValueSpecification\",\"valueRequired\":true,\"valueName\":\"search_term_string\"}}],\"inLanguage\":\"en-US\"},{\"@type\":\"Organization\",\"@id\":\"https:\\\/\\\/ilviaggiodivittorio.it\\\/#organization\",\"name\":\"Visione Futura\",\"url\":\"https:\\\/\\\/ilviaggiodivittorio.it\\\/\",\"logo\":{\"@type\":\"ImageObject\",\"inLanguage\":\"en-US\",\"@id\":\"https:\\\/\\\/ilviaggiodivittorio.it\\\/#\\\/schema\\\/logo\\\/image\\\/\",\"url\":\"https:\\\/\\\/ilviaggiodivittorio.it\\\/wp-content\\\/uploads\\\/2020\\\/12\\\/LOGOVisione-futura.png\",\"contentUrl\":\"https:\\\/\\\/ilviaggiodivittorio.it\\\/wp-content\\\/uploads\\\/2020\\\/12\\\/LOGOVisione-futura.png\",\"width\":1067,\"height\":1139,\"caption\":\"Visione Futura\"},\"image\":{\"@id\":\"https:\\\/\\\/ilviaggiodivittorio.it\\\/#\\\/schema\\\/logo\\\/image\\\/\"},\"sameAs\":[\"https:\\\/\\\/www.facebook.com\\\/Visione-Futura-101418805139195\",\"https:\\\/\\\/www.instagram.com\\\/visione_futura\\\/?hl=it\"]}]}<\/script>\n<!-- \/ Yoast SEO plugin. -->","yoast_head_json":{"title":"Vittorio Fusari -","robots":{"index":"index","follow":"follow","max-snippet":"max-snippet:-1","max-image-preview":"max-image-preview:large","max-video-preview":"max-video-preview:-1"},"canonical":"https:\/\/ilviaggiodivittorio.it\/?page_id=364","og_locale":"en_US","og_type":"article","og_title":"Vittorio Fusari -","og_description":"Vittorio Fusari \u00e8 stato un cuoco che ha cercato di cambiare il mondo attraverso il cibo.Ha dedicato la sua attivit\u00e0 al sostegno delle piccole produzioni alimentari, alla valorizzazione del proprioContinue reading Vittorio Fusari","og_url":"https:\/\/ilviaggiodivittorio.it\/?page_id=364","article_publisher":"https:\/\/www.facebook.com\/Visione-Futura-101418805139195","article_modified_time":"2020-12-01T17:11:37+00:00","og_image":[{"url":"https:\/\/ilviaggiodivittorio.it\/wp-content\/uploads\/2020\/11\/Icona-VF.png","type":"","width":"","height":""}],"twitter_card":"summary_large_image","twitter_misc":{"Est. reading time":"2 minutes"},"schema":{"@context":"https:\/\/schema.org","@graph":[{"@type":"WebPage","@id":"https:\/\/ilviaggiodivittorio.it\/?page_id=364","url":"https:\/\/ilviaggiodivittorio.it\/?page_id=364","name":"Vittorio Fusari -","isPartOf":{"@id":"https:\/\/ilviaggiodivittorio.it\/#website"},"primaryImageOfPage":{"@id":"https:\/\/ilviaggiodivittorio.it\/?page_id=364#primaryimage"},"image":{"@id":"https:\/\/ilviaggiodivittorio.it\/?page_id=364#primaryimage"},"thumbnailUrl":"https:\/\/ilviaggiodivittorio.it\/wp-content\/uploads\/2020\/11\/Icona-VF.png","datePublished":"2020-12-01T10:34:27+00:00","dateModified":"2020-12-01T17:11:37+00:00","breadcrumb":{"@id":"https:\/\/ilviaggiodivittorio.it\/?page_id=364#breadcrumb"},"inLanguage":"en-US","potentialAction":[{"@type":"ReadAction","target":["https:\/\/ilviaggiodivittorio.it\/?page_id=364"]}]},{"@type":"ImageObject","inLanguage":"en-US","@id":"https:\/\/ilviaggiodivittorio.it\/?page_id=364#primaryimage","url":"https:\/\/ilviaggiodivittorio.it\/wp-content\/uploads\/2020\/11\/Icona-VF.png","contentUrl":"https:\/\/ilviaggiodivittorio.it\/wp-content\/uploads\/2020\/11\/Icona-VF.png","width":512,"height":512},{"@type":"BreadcrumbList","@id":"https:\/\/ilviaggiodivittorio.it\/?page_id=364#breadcrumb","itemListElement":[{"@type":"ListItem","position":1,"name":"Home","item":"https:\/\/ilviaggiodivittorio.it\/"},{"@type":"ListItem","position":2,"name":"Vittorio Fusari"}]},{"@type":"WebSite","@id":"https:\/\/ilviaggiodivittorio.it\/#website","url":"https:\/\/ilviaggiodivittorio.it\/","name":"Viaggio Fantastico - Visione Futura","description":"di Vittorio Fusari","publisher":{"@id":"https:\/\/ilviaggiodivittorio.it\/#organization"},"potentialAction":[{"@type":"SearchAction","target":{"@type":"EntryPoint","urlTemplate":"https:\/\/ilviaggiodivittorio.it\/?s={search_term_string}"},"query-input":{"@type":"PropertyValueSpecification","valueRequired":true,"valueName":"search_term_string"}}],"inLanguage":"en-US"},{"@type":"Organization","@id":"https:\/\/ilviaggiodivittorio.it\/#organization","name":"Visione Futura","url":"https:\/\/ilviaggiodivittorio.it\/","logo":{"@type":"ImageObject","inLanguage":"en-US","@id":"https:\/\/ilviaggiodivittorio.it\/#\/schema\/logo\/image\/","url":"https:\/\/ilviaggiodivittorio.it\/wp-content\/uploads\/2020\/12\/LOGOVisione-futura.png","contentUrl":"https:\/\/ilviaggiodivittorio.it\/wp-content\/uploads\/2020\/12\/LOGOVisione-futura.png","width":1067,"height":1139,"caption":"Visione Futura"},"image":{"@id":"https:\/\/ilviaggiodivittorio.it\/#\/schema\/logo\/image\/"},"sameAs":["https:\/\/www.facebook.com\/Visione-Futura-101418805139195","https:\/\/www.instagram.com\/visione_futura\/?hl=it"]}]}},"uagb_featured_image_src":{"full":false,"thumbnail":false,"medium":false,"medium_large":false,"large":false,"1536x1536":false,"2048x2048":false,"post-thumbnail":false,"photofocus-single-post-page":false,"photofocus-testimonial":false,"photofocus-stats":false,"photofocus-team":false,"photofocus-logo-slider":false,"photofocus-portfolio":false,"photofocus-services":false},"uagb_author_info":{"display_name":"Ale","author_link":"https:\/\/ilviaggiodivittorio.it\/?author=1"},"uagb_comment_info":0,"uagb_excerpt":"Vittorio Fusari \u00e8 stato un cuoco che ha cercato di cambiare il mondo attraverso il cibo.Ha dedicato la sua attivit\u00e0 al sostegno delle piccole produzioni alimentari, alla valorizzazione del proprioContinue reading Vittorio Fusari","_links":{"self":[{"href":"https:\/\/ilviaggiodivittorio.it\/index.php?rest_route=\/wp\/v2\/pages\/364","targetHints":{"allow":["GET"]}}],"collection":[{"href":"https:\/\/ilviaggiodivittorio.it\/index.php?rest_route=\/wp\/v2\/pages"}],"about":[{"href":"https:\/\/ilviaggiodivittorio.it\/index.php?rest_route=\/wp\/v2\/types\/page"}],"author":[{"embeddable":true,"href":"https:\/\/ilviaggiodivittorio.it\/index.php?rest_route=\/wp\/v2\/users\/1"}],"replies":[{"embeddable":true,"href":"https:\/\/ilviaggiodivittorio.it\/index.php?rest_route=%2Fwp%2Fv2%2Fcomments&post=364"}],"version-history":[{"count":9,"href":"https:\/\/ilviaggiodivittorio.it\/index.php?rest_route=\/wp\/v2\/pages\/364\/revisions"}],"predecessor-version":[{"id":433,"href":"https:\/\/ilviaggiodivittorio.it\/index.php?rest_route=\/wp\/v2\/pages\/364\/revisions\/433"}],"wp:attachment":[{"href":"https:\/\/ilviaggiodivittorio.it\/index.php?rest_route=%2Fwp%2Fv2%2Fmedia&parent=364"}],"curies":[{"name":"wp","href":"https:\/\/api.w.org\/{rel}","templated":true}]}}